{"id":1440,"date":"2023-05-27T18:52:25","date_gmt":"2023-05-27T17:52:25","guid":{"rendered":"https:\/\/casamontgri.nl\/?page_id=1440"},"modified":"2024-09-27T18:05:24","modified_gmt":"2024-09-27T17:05:24","slug":"musea","status":"publish","type":"page","link":"https:\/\/casamontgri.nl\/?page_id=1440","title":{"rendered":"Musea"},"content":{"rendered":"\n<p>Leuke musea in de buurt van Casa Montgr\u00ed:<\/p>\n\n\n\n<p><a rel=\"noreferrer noopener\" href=\"https:\/\/www.fundaciomascort.com\/en\/\" data-type=\"URL\" data-id=\"https:\/\/www.fundaciomascort.com\/en\/\" target=\"_blank\">Mascort Foundation<\/a> in Torroella de Montgr\u00ed als er een expositie is<\/p>\n\n\n\n<p><a rel=\"noreferrer noopener\" href=\"https:\/\/www.fundaciovilacasas.com\/en\/museu\/museu-palau-solterra-torroella-de-montgri\" data-type=\"URL\" data-id=\"https:\/\/www.fundaciovilacasas.com\/en\/museu\/museu-palau-solterra-torroella-de-montgri\" target=\"_blank\">Palau Solterra<\/a> in Torroella de Montgr\u00ed<\/p>\n\n\n\n<p>Romeinse <a rel=\"noreferrer noopener\" href=\"http:\/\/www.macempuries.cat\/\" data-type=\"URL\" data-id=\"http:\/\/www.macempuries.cat\/\" target=\"_blank\">ru\u00efnes d&#8217;Empuries<\/a> bij L&#8217;Escala<\/p>\n\n\n\n<p><a href=\"https:\/\/sagradafamilia.org\/\" data-type=\"URL\" data-id=\"https:\/\/sagradafamilia.org\/\" target=\"_blank\" rel=\"noreferrer noopener\">Sagrada Familia<\/a> in Barcelona<\/p>\n\n\n\n<p><a href=\"https:\/\/www.salvador-dali.org\/en\/museums\/dali-theatre-museum-in-figueres\/\" data-type=\"URL\" data-id=\"https:\/\/www.salvador-dali.org\/en\/museums\/dali-theatre-museum-in-figueres\/\">Dali museum<\/a> in Figueres<\/p>\n\n\n\n<p><a href=\"https:\/\/www.salvador-dali.org\/en\/museums\/house-salvador-dali-in-portlligat\/\" data-type=\"URL\" data-id=\"https:\/\/www.salvador-dali.org\/en\/museums\/house-salvador-dali-in-portlligat\/\">Dali&#8217;s huis<\/a> in Port Lligat, vlak bij Cadaqu\u00e9s<\/p>\n\n\n\n<p><a href=\"https:\/\/www.salvador-dali.org\/en\/museums\/gala-dali-castle-in-pubol\/\" data-type=\"URL\" data-id=\"https:\/\/www.salvador-dali.org\/en\/museums\/gala-dali-castle-in-pubol\/\">Gala en Dali<\/a> kasteel in P\u00fabol<\/p>\n\n\n\n<p><a rel=\"noreferrer noopener\" href=\"https:\/\/www.museunacional.cat\/en\" data-type=\"URL\" data-id=\"https:\/\/www.museunacional.cat\/en\" target=\"_blank\">MNAC<\/a> kunst museum in Barcelona<\/p>\n\n\n\n<p><\/p>\n\n\n<div class=\"wp-block-image\">\n<figure class=\"aligncenter size-full is-resized\"><a href=\"https:\/\/casamontgri.nl\/wp-content\/uploads\/2023\/05\/mnac.jpg\"><img decoding=\"async\" src=\"https:\/\/casamontgri.nl\/wp-content\/uploads\/2023\/05\/mnac.jpg\" alt=\"\" class=\"wp-image-1467\" width=\"600\"\/><\/a><figcaption class=\"wp-element-caption\">MNAC in Barcelona<\/figcaption><\/figure><\/div>\n\n\n<p><a rel=\"noreferrer noopener\" href=\"https:\/\/mnactec.cat\/en\" data-type=\"URL\" data-id=\"https:\/\/mnactec.cat\/en\" target=\"_blank\">MNACTEC<\/a> techniek museum in Terrassa<\/p>\n\n\n\n<p><a rel=\"noreferrer noopener\" href=\"https:\/\/mocomuseum.com\/nl\/locaties\/barcelona\" data-type=\"URL\" data-id=\"https:\/\/mocomuseum.com\/nl\/locaties\/barcelona\" target=\"_blank\">MOCA<\/a> moderne kunst museum in Barcelona<\/p>\n","protected":false},"excerpt":{"rendered":"<p>Leuke musea in de buurt van Casa Montgr\u00ed: Mascort Foundation in Torroella de Montgr\u00ed als er een expositie is Palau Solterra in Torroella de Montgr\u00ed Romeinse ru\u00efnes d&#8217;Empuries bij L&#8217;Escala Sagrada Familia in Barcelona Dali museum in Figueres Dali&#8217;s huis in Port Lligat, vlak bij Cadaqu\u00e9s Gala en Dali kasteel in P\u00fabol MNAC kunst museum [&hellip;]<\/p>\n","protected":false},"author":1,"featured_media":0,"parent":256,"menu_order":0,"comment_status":"closed","ping_status":"closed","template":"","meta":{"footnotes":""},"class_list":["post-1440","page","type-page","status-publish","czr-hentry"],"_links":{"self":[{"href":"https:\/\/casamontgri.nl\/index.php?rest_route=\/wp\/v2\/pages\/1440"}],"collection":[{"href":"https:\/\/casamontgri.nl\/index.php?rest_route=\/wp\/v2\/pages"}],"about":[{"href":"https:\/\/casamontgri.nl\/index.php?rest_route=\/wp\/v2\/types\/page"}],"author":[{"embeddable":true,"href":"https:\/\/casamontgri.nl\/index.php?rest_route=\/wp\/v2\/users\/1"}],"replies":[{"embeddable":true,"href":"https:\/\/casamontgri.nl\/index.php?rest_route=%2Fwp%2Fv2%2Fcomments&post=1440"}],"version-history":[{"count":15,"href":"https:\/\/casamontgri.nl\/index.php?rest_route=\/wp\/v2\/pages\/1440\/revisions"}],"predecessor-version":[{"id":1475,"href":"https:\/\/casamontgri.nl\/index.php?rest_route=\/wp\/v2\/pages\/1440\/revisions\/1475"}],"up":[{"embeddable":true,"href":"https:\/\/casamontgri.nl\/index.php?rest_route=\/wp\/v2\/pages\/256"}],"wp:attachment":[{"href":"https:\/\/casamontgri.nl\/index.php?rest_route=%2Fwp%2Fv2%2Fmedia&parent=1440"}],"curies":[{"name":"wp","href":"https:\/\/api.w.org\/{rel}","templated":true}]}}